{"id":2414,"date":"2024-03-05T14:57:20","date_gmt":"2024-03-05T13:57:20","guid":{"rendered":"https:\/\/www.tjspartakvaltirov.cz\/?page_id=2414"},"modified":"2024-03-06T09:31:45","modified_gmt":"2024-03-06T08:31:45","slug":"2018-19","status":"publish","type":"page","link":"https:\/\/www.tjspartakvaltirov.cz\/?page_id=2414","title":{"rendered":"2018\/19"},"content":{"rendered":"<div class=\"sportspress\"><div class=\"sp-template sp-template-league-table\">\n\t<h4 class=\"sp-table-caption\">II.t\u0159\u00edda dosp\u011bl\u00fdch 2018\/19<\/h4><div class=\"sp-table-wrapper\"><table class=\"sp-league-table sp-league-table-2413 sp-data-table sp-sortable-table sp-responsive-table table_69f25d5839d30 sp-scrollable-table sp-paginated-table\" data-sp-rows=\"20\"><thead><tr><th class=\"data-rank\">Pos<\/th><th class=\"data-name\">Klub<\/th><th class=\"data-p\">Z<\/th><th class=\"data-w\">V<\/th><th class=\"data-vp\">VP<\/th><th class=\"data-l\">P<\/th><th class=\"data-pp\">PP<\/th><th class=\"data-f\">VB<\/th><th class=\"data-a\">OB<\/th><th class=\"data-pts\">Body<\/th><\/tr><\/thead><tbody><tr class=\"odd sp-row-no-0\"><td class=\"data-rank\" data-label=\"Pos\">1<\/td><td class=\"data-name has-logo\" data-label=\"Klub\"><a href=\"https:\/\/www.tjspartakvaltirov.cz\/?sp_team=tj-vanov\"><span class=\"team-logo\"><img loading=\"lazy\" decoding=\"async\" width=\"94\" height=\"128\" src=\"https:\/\/www.tjspartakvaltirov.cz\/wp-content\/uploads\/2024\/03\/tj-vanov-94x128.png\" class=\"attachment-sportspress-fit-icon size-sportspress-fit-icon wp-post-image\" alt=\"\" \/><\/span>Va\u0148ov<\/a><\/td><td class=\"data-p\" data-label=\"Z\">24<\/td><td class=\"data-w\" data-label=\"V\">20<\/td><td class=\"data-vp\" data-label=\"VP\">2<\/td><td class=\"data-l\" data-label=\"P\">2<\/td><td class=\"data-pp\" data-label=\"PP\">0<\/td><td class=\"data-f\" data-label=\"VB\">96<\/td><td class=\"data-a\" data-label=\"OB\">28<\/td><td class=\"data-pts\" data-label=\"Body\">64<\/td><\/tr><tr class=\"even sp-row-no-1\"><td class=\"data-rank\" data-label=\"Pos\">2<\/td><td class=\"data-name has-logo\" data-label=\"Klub\"><a href=\"https:\/\/www.tjspartakvaltirov.cz\/?sp_team=1-fk-petrovice-tisa\"><span class=\"team-logo\"><img loading=\"lazy\" decoding=\"async\" width=\"128\" height=\"112\" src=\"https:\/\/www.tjspartakvaltirov.cz\/wp-content\/uploads\/2024\/03\/Pet_Tisa-128x112.jpg\" class=\"attachment-sportspress-fit-icon size-sportspress-fit-icon wp-post-image\" alt=\"\" \/><\/span>1.FK Petrovice-Tis\u00e1<\/a><\/td><td class=\"data-p\" data-label=\"Z\">24<\/td><td class=\"data-w\" data-label=\"V\">18<\/td><td class=\"data-vp\" data-label=\"VP\">0<\/td><td class=\"data-l\" data-label=\"P\">6<\/td><td class=\"data-pp\" data-label=\"PP\">0<\/td><td class=\"data-f\" data-label=\"VB\">72<\/td><td class=\"data-a\" data-label=\"OB\">40<\/td><td class=\"data-pts\" data-label=\"Body\">54<\/td><\/tr><tr class=\"odd sp-row-no-2\"><td class=\"data-rank\" data-label=\"Pos\">3<\/td><td class=\"data-name has-logo\" data-label=\"Klub\"><a href=\"https:\/\/www.tjspartakvaltirov.cz\/?sp_team=msk-trmice-%c2%a8b%c2%a8\"><span class=\"team-logo\"><img loading=\"lazy\" decoding=\"async\" width=\"128\" height=\"128\" src=\"https:\/\/www.tjspartakvaltirov.cz\/wp-content\/uploads\/2025\/10\/MSKT-128x128.png\" class=\"attachment-sportspress-fit-icon size-sportspress-fit-icon wp-post-image\" alt=\"\" \/><\/span>MSK Trmice \u00a8B\u00a8<\/a><\/td><td class=\"data-p\" data-label=\"Z\">24<\/td><td class=\"data-w\" data-label=\"V\">17<\/td><td class=\"data-vp\" data-label=\"VP\">1<\/td><td class=\"data-l\" data-label=\"P\">6<\/td><td class=\"data-pp\" data-label=\"PP\">0<\/td><td class=\"data-f\" data-label=\"VB\">86<\/td><td class=\"data-a\" data-label=\"OB\">35<\/td><td class=\"data-pts\" data-label=\"Body\">53<\/td><\/tr><tr class=\"even sp-row-no-3\"><td class=\"data-rank\" data-label=\"Pos\">4<\/td><td class=\"data-name has-logo\" data-label=\"Klub\"><a href=\"https:\/\/www.tjspartakvaltirov.cz\/?sp_team=fk-chuderov-b\"><span class=\"team-logo\"><img loading=\"lazy\" decoding=\"async\" width=\"128\" height=\"128\" src=\"https:\/\/www.tjspartakvaltirov.cz\/wp-content\/uploads\/2025\/07\/Chuderov-removebg-preview-1-128x128.png\" class=\"attachment-sportspress-fit-icon size-sportspress-fit-icon wp-post-image\" alt=\"\" \/><\/span>Chuderov B<\/a><\/td><td class=\"data-p\" data-label=\"Z\">24<\/td><td class=\"data-w\" data-label=\"V\">13<\/td><td class=\"data-vp\" data-label=\"VP\">1<\/td><td class=\"data-l\" data-label=\"P\">6<\/td><td class=\"data-pp\" data-label=\"PP\">4<\/td><td class=\"data-f\" data-label=\"VB\">81<\/td><td class=\"data-a\" data-label=\"OB\">58<\/td><td class=\"data-pts\" data-label=\"Body\">45<\/td><\/tr><tr class=\"odd sp-row-no-4\"><td class=\"data-rank\" data-label=\"Pos\">5<\/td><td class=\"data-name has-logo\" data-label=\"Klub\"><a href=\"https:\/\/www.tjspartakvaltirov.cz\/?sp_team=tj-sebuzin\"><span class=\"team-logo\"><img loading=\"lazy\" decoding=\"async\" width=\"106\" height=\"128\" src=\"https:\/\/www.tjspartakvaltirov.cz\/wp-content\/uploads\/2023\/09\/Sebuzin.png\" class=\"attachment-sportspress-fit-icon size-sportspress-fit-icon wp-post-image\" alt=\"\" \/><\/span>Sebuz\u00edn<\/a><\/td><td class=\"data-p\" data-label=\"Z\">24<\/td><td class=\"data-w\" data-label=\"V\">12<\/td><td class=\"data-vp\" data-label=\"VP\">1<\/td><td class=\"data-l\" data-label=\"P\">9<\/td><td class=\"data-pp\" data-label=\"PP\">2<\/td><td class=\"data-f\" data-label=\"VB\">44<\/td><td class=\"data-a\" data-label=\"OB\">41<\/td><td class=\"data-pts\" data-label=\"Body\">40<\/td><\/tr><tr class=\"even sp-row-no-5\"><td class=\"data-rank\" data-label=\"Pos\">6<\/td><td class=\"data-name has-logo\" data-label=\"Klub\"><a href=\"https:\/\/www.tjspartakvaltirov.cz\/?sp_team=tj-prestanov\"><span class=\"team-logo\"><img loading=\"lazy\" decoding=\"async\" width=\"128\" height=\"128\" src=\"https:\/\/www.tjspartakvaltirov.cz\/wp-content\/uploads\/2024\/03\/tj-prestanov-128x128.png\" class=\"attachment-sportspress-fit-icon size-sportspress-fit-icon wp-post-image\" alt=\"\" \/><\/span>P\u0159estanov<\/a><\/td><td class=\"data-p\" data-label=\"Z\">24<\/td><td class=\"data-w\" data-label=\"V\">11<\/td><td class=\"data-vp\" data-label=\"VP\">3<\/td><td class=\"data-l\" data-label=\"P\">10<\/td><td class=\"data-pp\" data-label=\"PP\">0<\/td><td class=\"data-f\" data-label=\"VB\">60<\/td><td class=\"data-a\" data-label=\"OB\">54<\/td><td class=\"data-pts\" data-label=\"Body\">39<\/td><\/tr><tr class=\"odd sp-row-no-6\"><td class=\"data-rank\" data-label=\"Pos\">7<\/td><td class=\"data-name has-logo\" data-label=\"Klub\"><a href=\"https:\/\/www.tjspartakvaltirov.cz\/?sp_team=tj-povrly\"><span class=\"team-logo\"><img loading=\"lazy\" decoding=\"async\" width=\"108\" height=\"128\" src=\"https:\/\/www.tjspartakvaltirov.cz\/wp-content\/uploads\/2023\/12\/Povrly-108x128.png\" class=\"attachment-sportspress-fit-icon size-sportspress-fit-icon wp-post-image\" alt=\"\" \/><\/span>Povrly<\/a><\/td><td class=\"data-p\" data-label=\"Z\">24<\/td><td class=\"data-w\" data-label=\"V\">12<\/td><td class=\"data-vp\" data-label=\"VP\">1<\/td><td class=\"data-l\" data-label=\"P\">10<\/td><td class=\"data-pp\" data-label=\"PP\">1<\/td><td class=\"data-f\" data-label=\"VB\">61<\/td><td class=\"data-a\" data-label=\"OB\">62<\/td><td class=\"data-pts\" data-label=\"Body\">39<\/td><\/tr><tr class=\"even sp-row-no-7\"><td class=\"data-rank\" data-label=\"Pos\">8<\/td><td class=\"data-name has-logo\" data-label=\"Klub\"><a href=\"https:\/\/www.tjspartakvaltirov.cz\/?sp_team=tj-mojzir-b\"><span class=\"team-logo\"><img loading=\"lazy\" decoding=\"async\" width=\"128\" height=\"128\" src=\"https:\/\/www.tjspartakvaltirov.cz\/wp-content\/uploads\/2025\/10\/Mojzir-128x128.png\" class=\"attachment-sportspress-fit-icon size-sportspress-fit-icon wp-post-image\" alt=\"\" \/><\/span>TJ Moj\u017e\u00ed\u0159 B<\/a><\/td><td class=\"data-p\" data-label=\"Z\">24<\/td><td class=\"data-w\" data-label=\"V\">9<\/td><td class=\"data-vp\" data-label=\"VP\">2<\/td><td class=\"data-l\" data-label=\"P\">11<\/td><td class=\"data-pp\" data-label=\"PP\">2<\/td><td class=\"data-f\" data-label=\"VB\">66<\/td><td class=\"data-a\" data-label=\"OB\">69<\/td><td class=\"data-pts\" data-label=\"Body\">33<\/td><\/tr><tr class=\"odd sp-row-no-8\"><td class=\"data-rank\" data-label=\"Pos\">9<\/td><td class=\"data-name has-logo\" data-label=\"Klub\"><a href=\"https:\/\/www.tjspartakvaltirov.cz\/?sp_team=tj-chlumec-b\"><span class=\"team-logo\"><img loading=\"lazy\" decoding=\"async\" width=\"128\" height=\"128\" src=\"https:\/\/www.tjspartakvaltirov.cz\/wp-content\/uploads\/2024\/03\/Chlumec-128x128.jpeg\" class=\"attachment-sportspress-fit-icon size-sportspress-fit-icon wp-post-image\" alt=\"\" \/><\/span>Chlumec<\/a><\/td><td class=\"data-p\" data-label=\"Z\">24<\/td><td class=\"data-w\" data-label=\"V\">8<\/td><td class=\"data-vp\" data-label=\"VP\">0<\/td><td class=\"data-l\" data-label=\"P\">14<\/td><td class=\"data-pp\" data-label=\"PP\">2<\/td><td class=\"data-f\" data-label=\"VB\">57<\/td><td class=\"data-a\" data-label=\"OB\">65<\/td><td class=\"data-pts\" data-label=\"Body\">26<\/td><\/tr><tr class=\"even sp-row-no-9\"><td class=\"data-rank\" data-label=\"Pos\">10<\/td><td class=\"data-name has-logo\" data-label=\"Klub\"><a href=\"https:\/\/www.tjspartakvaltirov.cz\/?sp_team=skp-sever-usti-nad-labem\"><span class=\"team-logo\"><img loading=\"lazy\" decoding=\"async\" width=\"128\" height=\"128\" src=\"https:\/\/www.tjspartakvaltirov.cz\/wp-content\/uploads\/2024\/03\/SKP-128x128.jpeg\" class=\"attachment-sportspress-fit-icon size-sportspress-fit-icon wp-post-image\" alt=\"\" \/><\/span>Sever<\/a><\/td><td class=\"data-p\" data-label=\"Z\">24<\/td><td class=\"data-w\" data-label=\"V\">7<\/td><td class=\"data-vp\" data-label=\"VP\">2<\/td><td class=\"data-l\" data-label=\"P\">15<\/td><td class=\"data-pp\" data-label=\"PP\">0<\/td><td class=\"data-f\" data-label=\"VB\">43<\/td><td class=\"data-a\" data-label=\"OB\">83<\/td><td class=\"data-pts\" data-label=\"Body\">25<\/td><\/tr><tr class=\"odd sp-row-no-10\"><td class=\"data-rank\" data-label=\"Pos\">11<\/td><td class=\"data-name has-logo\" data-label=\"Klub\"><a href=\"https:\/\/www.tjspartakvaltirov.cz\/?sp_team=fotbalovy-klub-amateru-velke-chvojno\"><span class=\"team-logo\"><img loading=\"lazy\" decoding=\"async\" width=\"128\" height=\"128\" src=\"https:\/\/www.tjspartakvaltirov.cz\/wp-content\/uploads\/2023\/09\/fka-velke-chvojno-128x128.png\" class=\"attachment-sportspress-fit-icon size-sportspress-fit-icon wp-post-image\" alt=\"\" \/><\/span>Chvojno<\/a><\/td><td class=\"data-p\" data-label=\"Z\">24<\/td><td class=\"data-w\" data-label=\"V\">7<\/td><td class=\"data-vp\" data-label=\"VP\">0<\/td><td class=\"data-l\" data-label=\"P\">16<\/td><td class=\"data-pp\" data-label=\"PP\">1<\/td><td class=\"data-f\" data-label=\"VB\">45<\/td><td class=\"data-a\" data-label=\"OB\">70<\/td><td class=\"data-pts\" data-label=\"Body\">22<\/td><\/tr><tr class=\"even sp-row-no-11\"><td class=\"data-rank\" data-label=\"Pos\">12<\/td><td class=\"data-name has-logo\" data-label=\"Klub\"><a href=\"https:\/\/www.tjspartakvaltirov.cz\/?sp_team=fk-jiskra-velke-brezno-b-2\"><span class=\"team-logo\"><img loading=\"lazy\" decoding=\"async\" width=\"128\" height=\"128\" src=\"https:\/\/www.tjspartakvaltirov.cz\/wp-content\/uploads\/2025\/10\/Jiskra_pruhledne-128x128.png\" class=\"attachment-sportspress-fit-icon size-sportspress-fit-icon wp-post-image\" alt=\"\" \/><\/span>Jiskra<\/a><\/td><td class=\"data-p\" data-label=\"Z\">24<\/td><td class=\"data-w\" data-label=\"V\">5<\/td><td class=\"data-vp\" data-label=\"VP\">1<\/td><td class=\"data-l\" data-label=\"P\">17<\/td><td class=\"data-pp\" data-label=\"PP\">1<\/td><td class=\"data-f\" data-label=\"VB\">48<\/td><td class=\"data-a\" data-label=\"OB\">97<\/td><td class=\"data-pts\" data-label=\"Body\">18<\/td><\/tr><tr class=\"odd highlighted sp-row-no-12\"><td class=\"data-rank sp-highlight\" data-label=\"Pos\">13<\/td><td class=\"data-name has-logo sp-highlight\" data-label=\"Klub\"><a href=\"https:\/\/www.tjspartakvaltirov.cz\/?sp_team=tj-spartak-valtirov\"><span class=\"team-logo\"><img loading=\"lazy\" decoding=\"async\" width=\"128\" height=\"128\" src=\"https:\/\/www.tjspartakvaltirov.cz\/wp-content\/uploads\/2025\/10\/Valtirov-128x128.png\" class=\"attachment-sportspress-fit-icon size-sportspress-fit-icon wp-post-image\" alt=\"\" \/><\/span>Spartak Valt\u00ed\u0159ov<\/a><\/td><td class=\"data-p sp-highlight\" data-label=\"Z\">24<\/td><td class=\"data-w sp-highlight\" data-label=\"V\">1<\/td><td class=\"data-vp sp-highlight\" data-label=\"VP\">2<\/td><td class=\"data-l sp-highlight\" data-label=\"P\">18<\/td><td class=\"data-pp sp-highlight\" data-label=\"PP\">3<\/td><td class=\"data-f sp-highlight\" data-label=\"VB\">29<\/td><td class=\"data-a sp-highlight\" data-label=\"OB\">86<\/td><td class=\"data-pts sp-highlight\" data-label=\"Body\">10<\/td><\/tr><\/tbody><\/table><\/div><\/div>\n<\/div>\n\n\n<div class=\"sportspress\"><div class=\"sp-template sp-template-event-list\">\n\t\t<div class=\"sp-table-wrapper\">\n\t\t<table class=\"sp-event-list sp-event-list-format-homeaway sp-data-table\n\t\t\t\t\t\t\t\t\t\t\t\t\t\t\t\t\t\t\t\t sp-paginated-table\n\t\t\t\t\t\t\t\t\t\t\t\t\t\t\t\t\t\t \t\t\t sp-sortable-table\n\t\t\t\t\t\t\t\t\t\t\t\t\t\t\t\t\t\t  sp-responsive-table eventlist_69f25d584e76e\t\t\t\t\t\t\t\t\t\t\t\t\t sp-scrollable-table \" data-sp-rows=\"20\">\n\t\t\t<thead>\n\t\t\t\t<tr>\n\t\t\t\t\t<th class=\"data-date\">Datum<\/th><th class=\"data-home\">Dom\u00e1c\u00ed<\/th><th class=\"data-results\">V\u00fdsledky<\/th><th class=\"data-away\">Host\u00e9<\/th><th class=\"data-league\">Sout\u011b\u017e<\/th><th class=\"data-season\">Sez\u00f3na<\/th><th class=\"data-venue\">H\u0159i\u0161t\u011b<\/th><th class=\"data-article\">\u010cl\u00e1nek<\/th><th class=\"data-day\">Match Day<\/th>\t\t\t\t<\/tr>\n\t\t\t<\/thead>\n\t\t\t<tbody>\n\t\t\t\t\t\t\t<\/tbody>\n\t\t<\/table>\n\t<\/div>\n\t<\/div>\n<\/div>\n","protected":false},"excerpt":{"rendered":"","protected":false},"author":1,"featured_media":0,"parent":2389,"menu_order":4,"comment_status":"closed","ping_status":"closed","template":"template-fullwidth.php","meta":{"footnotes":""},"class_list":["post-2414","page","type-page","status-publish","hentry"],"_links":{"self":[{"href":"https:\/\/www.tjspartakvaltirov.cz\/index.php?rest_route=\/wp\/v2\/pages\/2414","targetHints":{"allow":["GET"]}}],"collection":[{"href":"https:\/\/www.tjspartakvaltirov.cz\/index.php?rest_route=\/wp\/v2\/pages"}],"about":[{"href":"https:\/\/www.tjspartakvaltirov.cz\/index.php?rest_route=\/wp\/v2\/types\/page"}],"author":[{"embeddable":true,"href":"https:\/\/www.tjspartakvaltirov.cz\/index.php?rest_route=\/wp\/v2\/users\/1"}],"replies":[{"embeddable":true,"href":"https:\/\/www.tjspartakvaltirov.cz\/index.php?rest_route=%2Fwp%2Fv2%2Fcomments&post=2414"}],"version-history":[{"count":2,"href":"https:\/\/www.tjspartakvaltirov.cz\/index.php?rest_route=\/wp\/v2\/pages\/2414\/revisions"}],"predecessor-version":[{"id":2449,"href":"https:\/\/www.tjspartakvaltirov.cz\/index.php?rest_route=\/wp\/v2\/pages\/2414\/revisions\/2449"}],"up":[{"embeddable":true,"href":"https:\/\/www.tjspartakvaltirov.cz\/index.php?rest_route=\/wp\/v2\/pages\/2389"}],"wp:attachment":[{"href":"https:\/\/www.tjspartakvaltirov.cz\/index.php?rest_route=%2Fwp%2Fv2%2Fmedia&parent=2414"}],"curies":[{"name":"wp","href":"https:\/\/api.w.org\/{rel}","templated":true}]}}